alculate the remainder when 91 is divided by 35 - ((-3 - -2) + 5).
29
Let c be -2 + 43 + (-2)/2. Let f = c + -22. What is the remainder when f is divided by 7?
4
Let o(i) = 2*i**2 + 5*i - 9. Let n(g) = g**2 - g - 1. Let z(w) = -3*n(w) + o(w). What is the remainder when z(6) is divided by 2?
0
Suppose -4*u + 168 - 56 = 0. Suppose 2*o = -4*m + 22, -5*o + o + u = 4*m. Calculate the remainder when 0 - 2 - (0 + -7) is divided by o.
2
Let u = 9 - 3. Calculate the remainder when u is divided by 3.
0
Let u = 6 + 1. Calculate the remainder when (2/3)/(-2)*-39 is divided by u.
6
Let r = 88 - 57. What is the remainder when 123 is divided by r?
30
Suppose 0 = -2*k + 5*r + 1163, 0 = 4*k - 2*r - 2025 - 341. Calculate the remainder when k/16 + (-4)/32 is divided by 13.
11
Let s = -13 + 24. Calculate the remainder when 41 is divided by s.
8
Suppose -6*g + 2 + 70 = 0. What is the remainder when g is divided by 6?
0
Suppose -s + 4*v + 5 = 0, -s = -6*s + 2*v + 25. Suppose s*j = 61 + 24. Calculate the remainder when j is divided by 6.
5
Calculate the remainder when 1273/38 - (-1)/2 is divided by 9.
7
What is the remainder when 19 is divided by (-24)/56 + (0 - 188/(-14))?
6
Suppose 265 = 5*o + 85. What is the remainder when 140 is divided by o?
32
Let w(r) = -r**3 + r**2 + 4. Let k be w(0). Suppose k*x + 68 = 228. Suppose -4*p - 4*m = p - 86, m = 4*p - 52. What is the remainder when x is divided by p?
12
What is the remainder when 17 is divided by 56/(-12)*(-3)/2?
3
Let l(f) = 2*f**3 - 5*f**2 + 3*f - 2. Suppose -3*h = -2*h. Calculate the remainder when l(3) is divided by 4*2 + (1 - h).
7
Let n(p) = -2*p - 5. What is the remainder when 90 is divided by n(-12)?
14
Suppose -2*s - 4*z = 20, 2*z + 2*z + 16 = -s. Let d = 17 + s. What is the remainder when d is divided by (-2)/4 + 11/2?
3
Let s = 56 - 26. Let x = -5 - -11. Calculate the remainder when x is divided by 8/(-28) - s/(-7).
2
Let v(d) = d - 7. Calculate the remainder when v(11) is divided by 4.
0
Let o(x) = 3*x + 14. Let s be o(-6). Let q = 66 - s. Calculate the remainder when q is divided by 24.
22
Suppose 0 = -m - 5*w - 12, 2*m - 5*w + 0 = 6. Let t = -22 - m. Let c = -13 - t. Calculate the remainder when 13 is divided by c.
6
What is the remainder when (1 + (-46)/(-4))*2 is divided by 14?
11
Suppose -2*b - 2*b = -132. Suppose -s = -2*s. Suppose -8*j + 3*j + 85 = s. What is the remainder when b is divided by j?
16
Let w(l) = -4*l + 6*l + 17*l + 1. Let x(z) = 2*z - 1. Let s be x(1). What is the remainder when w(s) is divided by 7?
6
Let a(g) = 10*g + 6. Let j be a(-5). Let x = j + 67. Suppose 0 + 5 = y - h, h = 3*y - x. Calculate the remainder when 25 is divided by y.
7
Let v(p) = -9*p. Let n be v(-7). Let z = n + -14. What is the remainder when z is divided by 25?
24
Suppose 7 = g - 10. Calculate the remainder when -1 - 1 - (2 + 49)*-1 is divided by g.
15
Let c(f) = -11 - f + 6*f + f. Let h = -6 + 14. What is the remainder when c(7) is divided by h?
7
Let q(y) = -3*y + 1. Let n = -3 - -8. What is the remainder when q(-2) is divided by n?
2
Suppose -5*z + 21 = -39. Let u = z - -8. Let s(k) = -6*k + 2. Calculate the remainder when s(-6) is divided by u.
18
Suppose 0 = -2*l + 27 - 23. Calculate the remainder when 15 is divided by l.
1
Suppose h - 7 = 14. What is the remainder when h is divided by 11?
10
Calculate the remainder when 25 is divided by 4 - ((-16)/4 + -2).
5
Let j = 14 - 3. Calculate the remainder when j is divided by 5/1 - 12/(-12).
5
Suppose 3*y + 123 = 3*d, -3*y + 0*y + 6 = 0. Suppose -4*g = -r + 5, 3*r + 2*r - 5 = 0. Let q = d - g. What is the remainder when q is divided by 15?
14
What is the remainder when 9 + -2 - -3 - 3/(-1) is divided by 4?
1
Suppose 4*f + 40 = 4*q, f - 2*f = 3*q - 38. Suppose 20 = 4*b, -5 = v - 7*b + 3*b. What is the remainder when v is divided by (-23)/(-6) - q/(-72)?
3
Calculate the remainder when (2/4)/(12/912) is divided by 13.
12
Let o(i) = 6*i + 1. Let f(b) = -5 + b**3 - b - 3*b + 3*b + 7*b**2. Let w be f(-7). Calculate the remainder when o(w) is divided by 7.
6
Suppose 0*w + 5*z = -4*w - 550, 0 = w + 2*z + 139. Let h = w - -192. Calculate the remainder when h is divided by 15.
12
Let m(d) = -d**3 + 5*d**2 - 2*d - 1. Calculate the remainder when 12 is divided by m(4).
5
Let y(a) = -13*a - 12. Calculate the remainder when y(-12) is divided by 29.
28
Suppose 0 = -4*r - 3*b - 4 + 34, b + 16 = 3*r. Let l(m) = 4*m. Let j be l(r). Suppose -f = 2*f - j. What is the remainder when f is divided by 5?
3
Suppose c + 26 = 2*c. Let s(a) = -11*a**3 - a**2. Calculate the remainder when c is divided by s(-1).
6
Let u = -12 + 15. Suppose 2*c - 10 - 30 = 0. Suppose -c - 20 = -4*t. Calculate the remainder when t is divided by u.
1
Calculate the remainder when 89 is divided by 3/(3/18 - 0).
17
Let m(i) = i**2 + 9*i + 1. Let f be m(-9). Let d = f - -2. What is the remainder when 5 is divided by d?
2
Let z(l) = 6*l**2 - 7*l + 1. Let i(a) = 5*a**2 - 8*a + 2. Let s(u) = 7*i(u) - 6*z(u). What is the remainder when s(-12) is divided by 7?
4
Let i(r) be the second derivative of -r**4/12 + 37*r**2 + 2*r. Calculate the remainder when i(0) is divided by 19.
17
Suppose 0 = -2*k + 7*k - 10. Suppose 0 = d + k*h - 0*h - 19, 5*d = -2*h + 103. Let b(m) = 4*m + 3. What is the remainder when d is divided by b(2)?
10
Suppose 26 = a + z, 3*a - 4*a = -4*z - 1. Calculate the remainder when a is divided by 12.
9
Let p(b) = -b**2 - 3*b + 1. What is the remainder when p(-3) is divided by 35/25 - (-2)/(-5)?
0
Suppose -6 = 2*b - 5*b. Suppose h = -5*z - 1, 4 = 3*z - 2*h - b*h. Suppose z = 5*y - 31 - 24. Calculate the remainder when y is divided by 6.
5
Let b(j) = 2*j**2 - 3*j + 2. Let f be b(2). Let q = 40 + f. What is the remainder when q is divided by (-1)/(4/(-56)) - -1?
14
Let g be (-10)/15*(-6)/4. Let r(v) = 2*v + 1. What is the remainder when r(g) is divided by 1?
0
Let p(d) = 9*d - 25. Calculate the remainder when p(8) is divided by 12.
11
Suppose 12 = 2*l + 2*l + 3*w, -l + w + 3 = 0. Calculate the remainder when (34/3)/(-2)*-6 is divided by 11 - (l/3 + -2).
10
Suppose 95 = -3*n - 4*s, -n + 60 = -3*n - 2*s. Let g = -20 - n. What is the remainder when 8 is divided by g?
3
Let t be 3 - 3 - (-4 - -2). Let b be t*(4 - (-3)/(-1)). Suppose 0 = -2*y + a - 2*a + 65, 2*y - 66 = -b*a. Calculate the remainder when y is divided by 17.
15
Suppose -178 = 4*r - 506. Calculate the remainder when r is divided by 21.
19
Let v be 30/7 - (-4)/(-14). Suppose -z + v = 0, 5*f = z - 45 + 226. Calculate the remainder when f is divided by 13.
11
Let d(c) = c**2 + 15*c + 20. Calculate the remainder when 11 is divided by d(-14).
5
Suppose 5*a - 43 = 4*t, -5*a = -2*t + 3*t - 33. Calculate the remainder when 10 is divided by a.
3
Suppose 78 = 2*r + 2*q, 0 = -3*r - 5*q + 104 + 17. Suppose 3*n - 29 = -5*t, -3*n = -0*t + 3*t - 33. Calculate the remainder when r is divided by n.
11
Let h = 89 - 73. What is the remainder when 33 is divided by h?
1
Let s(b) = b + 12. Calculate the remainder when s(7) is divided by 7.
5
Let v = 25 - 14. What is the remainder when 32 is divided by v?
10
Let c(j) = 11*j + 7. Let n = 71 - 50. What is the remainder when c(5) is divided by n?
20
Suppose 0 = -4*p + 20, 4*l = -0*l + 4*p + 24. Suppose -l + 60 = c. What is the remainder when c is divided by 17?
15
Let j = 10 + -3. Let i be (-4)/(-14) + (-296)/j. Let k = -23 - i. Calculate the remainder when k is divided by 7.
5
Suppose 2*o - 3*u = 0, -5*o = -3*o + 2*u. Let t(f) = f**2 - f + 3. Calculate the remainder when t(o) is divided by 3.
0
Let w = 14 + -7. Suppose -j + 5*i + 1 = j, -5*j = 5*i - 90. Calculate the remainder when j is divided by w.
6
Let g = -7 + 19. Let p(r) = 2*r**2 + 2*r + 6. What is the remainder when p(4) is divided by g?
10
Let t(q) = -q**2 - 6*q + 3. Let z = -4 + -2. Let g(h) = -h + 2. What is the remainder when g(-2) is divided by t(z)?
1
Let m(n) = -4*n**3 - 2*n**2 - 4*n - 3. What is the remainder when m(-2) is divided by ((-2)/3)/((-188)/180 + 1)?
14
What is the remainder when 44 is divided by 1/(-3 - (-46)/15)?
14
Calculate the remainder when 49 is divided by (-13)/39 - (-76)/3.
24
Let a(z) = -z**2 - 1. Let u(c) = -2*c**2 - 3*c - 11. Let i(w) = -3*a(w) + u(w). Suppose 0 = b - 4*b + 18. What is the remainder when 18 is divided by i(b)?
